5011138?
8
What is the tens digit of 200744362?
6
What is the thousands digit of 1990744898?
4
What is the units digit of 86844194?
4
What is the units digit of 752057862?
2
What is the billions digit of 1359401675?
1
What is the hundreds digit of 19358759?
7
What is the ten thousands digit of 18768158?
6
What is the ten thousands digit of 26490515?
9
What is the millions digit of 3995839068?
5
What is the ten millions digit of 95153559?
9
What is the ten thousands digit of 243681726?
8
What is the ten thousands digit of 650647490?
4
What is the ten millions digit of 3711057612?
1
What is the ten millions digit of 128018382?
2
What is the units digit of 224030140?
0
What is the ten thousands digit of 2697304404?
0
What is the tens digit of 3770855579?
7
What is the units digit of 43021486?
6
What is the hundred millions digit of 697792285?
6
What is the ten thousands digit of 82563241?
6
What is the units digit of 3034129725?
5
What is the units digit of 3312065313?
3
What is the hundreds digit of 1970170496?
4
What is the tens digit of 55065993?
9
What is the thousands digit of 59135193?
5
What is the ten millions digit of 471791079?
7
What is the hundred millions digit of 221092121?
2
What is the tens digit of 1154195729?
2
What is the hundred thousands digit of 702505896?
5
What is the tens digit of 64209106?
0
What is the ten thousands digit of 580387921?
8
What is the units digit of 43533767?
7
What is the hundred millions digit of 160049160?
1
What is the hundred thousands digit of 34294871?
2
What is the tens digit of 3064405739?
3
What is the millions digit of 17053499?
7
What is the ten millions digit of 2313477660?
1
What is the ten thousands digit of 745291200?
9
What is the hundred thousands digit of 115433464?
4
What is the ten thousands digit of 82209239?
0
What is the ten millions digit of 1294028912?
9
What is the tens digit of 5151112671?
7
What is the hundred millions digit of 2557546164?
5
What is the units digit of 11052190?
0
What is the ten millions digit of 4505866338?
0
What is the hundreds digit of 210699338?
3
What is the millions digit of 38651106?
8
What is the hundred millions digit of 1430239542?
4
What is the hundreds digit of 2314414891?
8
What is the thousands digit of 45089056?
9
What is the hundreds digit of 741440900?
9
What is the hundreds digit of 584985813?
8
What is the ten millions digit of 2661563290?
6
What is the hundreds digit of 3934815?
8
What is the millions digit of 898133620?
8
What is the tens digit of 32570049?
4
What is the hundreds digit of 21177009?
0
What is the millions digit of 56576634?
6
What is the ten millions digit of 1089320005?
8
What is the millions digit of 62122638?
2
What is the ten millions digit of 557810554?
5
What is the tens digit of 27639521?
2
What is the thousands digit of 402923069?
3
What is the tens digit of 1060901649?
4
What is the ten millions digit of 484961736?
8
What is the ten millions digit of 746413200?
4
What is the tens digit of 354031151?
5
What is the hundred thousands digit of 2334846156?
8
What is the ten millions digit of 8408039886?
0
What is the thousands digit of 57460289?
0
What is the units digit of 43639676?
6
What is the thousands digit of 1902607615?
7
What is the units digit of 533094903?
3
What is the tens digit of 33295903?
0
What is the ten thousands digit of 2031414778?
1
What is the tens digit of 62669736?
3
What is the millions digit of 48887776?
8
What is the hundred thousands digit of 534616479?
6
What is the ten thousands digit of 173413918?
1
What is the units digit of 2178948568?
8
What is the billions digit of 7230764882?
7
What is the thousands digit of 1151032272?
2
What is the millions digit of 693542424?
3
What is the hundred millions digit of 530601144?
5
What is the thousands digit of 686673558?
3
What is the millions digit of 3538670265?
8
What is the thousands digit of 53778876?
8
What is the tens digit of 568394948?
4
What is the billions digit of 2242066472?
2
What is the hundreds digit of 603302750?
7
What is the units digit of 24060975?
5
What is the millions digit of 35638611?
5
What is the ten thousands digit of 5671444100?
4
What is the millions digit of 34153672?
4
What is the hundred millions digit of 433627319?
4
What is the hundred thousands digit of 725399255?
3
What is the tens digit of 24237591?
9
What is the ten millions digit of 915972473?
1
What is the thousands digit of 172548108?
8
What is the units digit of 580925442?
2
What is the tens digit of 1163540504?
0
What is the hundreds digit of 479626650?
6
What is the tens digit of 374765590?
9
What is the ten millions digit of 66955395?
6
What is the units digit of 2155641?
1
What is the hundreds digit of 520314781?
7
What is the hundreds digit of 223595658?
6
What is the ten thousands digit of 17764066?
6
What is the millions digit of 468738876?
8
What is the millions digit of 75920231?
5
What is the ten millions digit of 3260292292?
6
What is the ten thousands digit of 588128881?
2
What is the thousands digit of 187751833?
1
What is the thousands digit of 78674934?
4
What is the hundreds digit of 206279580?
5
What is the millions digit of 105901987?
5
What is the ten thousands digit of 6360852174?
5
What is the units digit of 334826673?
3
What is the ten millions digit of 2992547817?
9
What is the tens digit of 1348413351?
5
What is the ten millions digit of 90097989?
9
What is the millions digit of 95344752?
5
What is the hundred millions digit of 1451069528?
4
What is the hundred millions digit of 1295091886?
2
What is the thousands digit of 3324968414?
8
What is the tens digit of 272236288?
8
What is the hundred thousands digit of 18290663?
2
What is the tens digit of 384161970?
7
What is the hundred millions digit of 402167171?
4
What is the ten millions digit of 3652590143?
5
What is the ten thousands digit of 49787327?
8
What is the units digit of 616766520?
0
What is the units digit of 192194482?
2
What is the ten thousands digit of 869763167?
6
What is the ten thousands digit of 7095590448?
9
What is the units digit of 4425066644?
4
What is the ten millions digit of 266662184?
6
What is the thousands digit of 33466351?
6
What is the ten thousands digit of 32450992?
5
What is the units digit of 28240795?
5
What is the hundred millions digit of 1505778798?
5
What is the ten thousands digit of 20392354?
9
What is the ten thousands digit of 61837511?
3
What is the thousands digit of 2120199760?
9
What is the millions digit of 295048905?
5
What is the ten thousands digit of 847368301?
6
What is the millions digit of 413449175?
3
What is the ten thousands digit of 109395845?
9
What is the millions digit of 856025780?
6
What is the units digit of 1484983763?
3
What is the tens digit of 462297096?
9
What is the millions digit of 2568560369?
8
What is the units digit of 48737953?
3
What is the tens digit of 5764229625?
2
What is the tens digit of 36172394?
9
What is the billions digit of 3245507686?
3
What is the millions digit of 519468933?
9
What is the units digit of 377059232?
2
What is the hundred thousands digit of 31952061?
9
What is the hundreds digit of 3490318387?
3
What is the thousands digit of 403878061?
8
What is the hundred thousands digit of 145294860?
2
What is the ten millions digit of 11123902?
1
What is the hundred thousands digit of 4437979725?
9
What is the hundreds digit of 8001950?
9
What is the tens digit of 68614090?
9
What is the hundreds digit of 60595246?
2
What is the hundred thousands digit of 92804629?
8
What is the units digit of 18744265?
5
What is the thousands digit of 28660671?
0
What is the millions digit of 204861453?
4
What is the thousands digit of 4257020?
7
What is the ten millions digit of 924804204?
2
What is the hundred thousands digit of 33411151?
4
What is the ten millions digit of 2191990133?
9
What is the ten millions digit of 178734841?
7
What is the millions digit of 2747549801?
7
What is the billions digit of 3448308911?
3
What is the tens digit of 27342606?
0
What is the tens digit of 135377848?
4
What is the ten thousands digit of 81388991?
8
What is the ten millions digit of 710722534?
1
What is the hundreds digit of 26288769?
7
What is the units digit of 224680985?
5
What is the thousands digi